rs of 4556863.
41, 111143
What are the prime factors of 4468247?
7, 31, 59, 349
What are the prime factors of 354627?
3, 7, 13, 433
List the prime factors of 418153.
271, 1543
What are the prime factors of 9741373?
557, 17489
List the prime factors of 4130893.
13, 197, 1613
List the prime factors of 4037218.
2, 37, 89, 613
What are the prime factors of 17935061?
859, 20879
List the prime factors of 23586555.
3, 5, 71, 22147
List the prime factors of 67542.
2, 3, 11257
What are the prime factors of 107776?
2, 421
What are the prime factors of 254730?
2, 3, 5, 7, 1213
List the prime factors of 26357062.
2, 359, 36709
List the prime factors of 309253.
7, 44179
What are the prime factors of 435694?
2, 7, 31121
List the prime factors of 254563.
277, 919
List the prime factors of 44394.
2, 3, 7, 151
What are the prime factors of 1081347?
3, 19, 61, 311
What are the prime factors of 4296071?
13, 19, 17393
List the prime factors of 319467.
3, 83, 1283
What are the prime factors of 635904?
2, 3, 23
What are the prime factors of 3511736?
2, 438967
What are the prime factors of 1205318?
2, 41, 14699
What are the prime factors of 2072953?
2072953
List the prime factors of 4032664.
2, 53, 9511
List the prime factors of 6052155.
3, 5, 29, 13913
What are the prime factors of 182030?
2, 5, 109, 167
List the prime factors of 325517.
325517
List the prime factors of 699449.
699449
List the prime factors of 377995.
5, 17, 4447
List the prime factors of 28599758.
2, 11, 1299989
List the prime factors of 5818013.
5818013
List the prime factors of 8077576.
2, 13, 101, 769
List the prime factors of 154027.
154027
What are the prime factors of 212336?
2, 23, 577
List the prime factors of 236101.
179, 1319
List the prime factors of 148370.
2, 5, 37, 401
What are the prime factors of 3467691?
3, 31, 1381
What are the prime factors of 23503?
19, 1237
List the prime factors of 302175.
3, 5, 17, 79
List the prime factors of 16563195.
3, 5, 11, 33461
What are the prime factors of 7256471?
47, 181, 853
What are the prime factors of 5802774?
2, 3, 967129
List the prime factors of 18950141.
7, 2707163
What are the prime factors of 17227226?
2, 53, 331, 491
List the prime factors of 17507003.
17507003
What are the prime factors of 42075529?
157, 263, 1019
What are the prime factors of 10570885?
5, 13, 162629
What are the prime factors of 34405101?
3, 107, 11909
What are the prime factors of 21167073?
3, 2351897
What are the prime factors of 15725017?
7, 11, 17, 41, 293
What are the prime factors of 499926?
2, 3, 7, 11903
List the prime factors of 405539.
283, 1433
What are the prime factors of 17993379?
3, 103, 58231
List the prime factors of 1934871.
3, 43, 53, 283
What are the prime factors of 401234?
2, 17, 11801
List the prime factors of 33545462.
2, 41, 313, 1307
List the prime factors of 7338735.
3, 5, 54361
What are the prime factors of 304380?
2, 3, 5, 19, 89
List the prime factors of 120967.
7, 11, 1571
What are the prime factors of 8345997?
3, 11, 17, 19, 29
What are the prime factors of 282488?
2, 35311
What are the prime factors of 1214385?
3, 5, 19, 4261
List the prime factors of 321100.
2, 5, 13, 19
What are the prime factors of 454860?
2, 3, 5, 7, 19
List the prime factors of 577657.
19, 30403
What are the prime factors of 3762089?
677, 5557
List the prime factors of 4206566.
2, 7, 13, 29, 797
List the prime factors of 357461.
13, 31, 887
What are the prime factors of 36756980?
2, 5, 13, 109, 1297
List the prime factors of 11666688.
2, 3, 11, 1381
What are the prime factors of 7788450?
2, 3, 5, 137, 379
List the prime factors of 71408.
2, 4463
List the prime factors of 2395795.
5, 23, 83, 251
What are the prime factors of 370915?
5, 31, 2393
What are the prime factors of 522140?
2, 5, 26107
List the prime factors of 184267.
103, 1789
List the prime factors of 13368381.
3, 13, 19, 18041
List the prime factors of 136980.
2, 3, 5, 761
What are the prime factors of 86989?
7, 17, 43
List the prime factors of 6287921.
6287921
What are the prime factors of 13693027?
23, 47, 53, 239
What are the prime factors of 15364878?
2, 3, 1153, 2221
What are the prime factors of 20471887?
439, 46633
What are the prime factors of 47353?
47353
What are the prime factors of 268079?
7, 5471
What are the prime factors of 1596985?
5, 13, 79, 311
What are the prime factors of 6101462?
2, 409, 7459
What are the prime factors of 1871503?
1871503
What are the prime factors of 458968?
2, 103, 557
List the prime factors of 2965898.
2, 13, 114073
What are the prime factors of 103839?
3, 34613
What are the prime factors of 1844197?
19, 29, 3347
List the prime factors of 51385.
5, 43, 239
What are the prime factors of 104450?
2, 5, 2089
What are the prime factors of 10894888?
2, 31, 197, 223
What are the prime factors of 338069?
37, 9137
List the prime factors of 114613.
114613
List the prime factors of 29478345.
3, 5, 13, 151171
List the prime factors of 932747.
53, 17599
List the prime factors of 279586.
2, 43, 3251
List the prime factors of 2921021.
101, 28921
List the prime factors of 219828.
2, 3, 7, 2617
List the prime factors of 25361508.
2, 3, 2113459
List the prime factors of 6161720.
2, 5, 154043
What are the prime factors of 7355989?
7355989
What are the prime factors of 141042?
2, 3, 11, 2137
List the prime factors of 634148.
2, 158537
What are the prime factors of 941646?
2, 3, 156941
What are the prime factors of 377264?
2, 17, 19, 73
List the prime factors of 376747.
7, 107, 503
List the prime factors of 692667.
3, 76963
What are the prime factors of 672278?
2, 29, 67, 173
What are the prime factors of 29249027?
17, 31, 55501
What are the prime factors of 1107589?
7, 158227
What are the prime factors of 1798912?
2, 7027
List the prime factors of 428809.
428809
List the prime factors of 475342.
2, 7, 19, 1787
What are the prime factors of 141783?
3, 167, 283
What are the prime factors of 956882?
2, 478441
What are the prime factors of 1942333?
29, 66977
List the prime factors of 16493835.
3, 5, 1099589
List the prime factors of 845476.
2, 211369
What are the prime factors of 84753?
3, 43, 73
List the prime factors of 229223.
229223
What are the prime factors of 5283651?
3, 17, 211, 491
What are the prime factors of 1978664?
2, 17, 14549
List the prime factors of 114629.
79, 1451
What are the prime factors of 1318610?
2, 5, 131861
List the prime factors of 151908.
2, 3, 12659
What are the prime factors of 43247?
59, 733
What are the prime factors of 454605?
3, 5, 30307
What are the prime factors of 1900656?
2, 3, 67, 197
List the prime factors of 391750.
2, 5, 1567
What are the prime factors of 168254?
2, 84127
List the prime factors of 11946806.
2, 5973403
List the prime factors of 382523.
179, 2137
List the prime factors of 1967077.
7, 151, 1861
What are the prime factors of 149139?
3, 73, 227
What are the prime factors of 10345844?
2, 61, 109, 389
What are the prime factors of 17793236?
2, 89, 151, 331
List the prime factors of 103027.
269, 383
What are the prime factors of 19923966?
2, 3, 17, 65111
List the prime factors of 1173131.
137, 8563
List the prime factors of 251876.
2, 62969
What are the prime factors of 26811?
3, 331
List the prime factors of 26383659.
3, 61, 144173
List the prime factors of 653540.
2, 5, 41, 797
What are the prime factors of 1651928?
2, 31, 6661
List the prime factors of 768262.
2, 11, 47, 743
What are the prime factors of 20259188?
2, 1871, 2707
List the prime factors of 184027.
163, 1129
List the prime factors of 181054.
2, 90527
List the prime factors of 5697109.
11, 517919
What are the prime factors of 2059886?
2, 1029943
List the prime factors of 249655.
5, 7, 1019
What are the prime factors of 152485?
5, 30497
List the prime factors of 7733029.
1223, 6323
List the prime factors of 1360363.
59, 23057
What are the prime factors of 586792?
2, 41, 1789
List the prime factors of 8177438.
2, 313, 13063
List the prime factors of 6791500.
2, 5, 17, 47
What are the prime factors of 438745?
5, 47, 1867
List the prime factors of 312977.
7, 44711
What are the prime factors of 42640?
2, 5, 13, 41
What are the prime factors of 166228?
2, 29, 1433
What are the prime factors of 854024?
2, 106753
List the prime factors of 29290541.
7, 17, 47, 5237
What are